{"id":18,"date":"2010-12-12T15:51:05","date_gmt":"2010-12-12T15:51:05","guid":{"rendered":"http:\/\/graphweather.nekojii.com\/wordpress\/?page_id=18"},"modified":"2019-11-11T21:02:04","modified_gmt":"2019-11-11T21:02:04","slug":"telechargements","status":"publish","type":"page","link":"https:\/\/graphweather.protosigma.com\/wordpress\/?page_id=18","title":{"rendered":"T\u00e9l\u00e9chargements"},"content":{"rendered":"<p style=\"text-align: left;\"><a href=\"http:\/\/graphweather.protosigma.com\/file.php?programmation\/cpp\/graphweather\/GraphWeather_2.0.321_fr.exe\"><\/a><a href=\"http:\/\/graphweather.protosigma.com\/file.php?programmation\/cpp\/graphweather\/GraphWeather_2.0.321_fr.exe\"><img loading=\"lazy\" decoding=\"async\" class=\"size-full wp-image-19 alignnone\" title=\"download\" src=\"http:\/\/graphweather.protosigma.com\/wordpress\/wp-content\/uploads\/2010\/12\/download.gif\" alt=\"\" width=\"50\" height=\"50\"><\/a> T\u00e9l\u00e9charger GraphWeather V2.0.321 (Fran\u00e7ais) (3726.5 Ko)<\/p>\n<p style=\"text-align: left;\"><a href=\"http:\/\/graphweather.protosigma.com\/file.php?programmation\/cpp\/graphweather\/GraphWeather_2.0.321_en.exe\"><img loading=\"lazy\" decoding=\"async\" class=\"alignnone size-full wp-image-19\" title=\"download\" src=\"http:\/\/graphweather.protosigma.com\/wordpress\/wp-content\/uploads\/2010\/12\/download.gif\" alt=\"\" width=\"50\" height=\"50\"><\/a> T\u00e9l\u00e9charger GraphWeather V2.0.321 (Anglais)   (3721.3 Ko)<\/p>\n<h4><span style=\"text-decoration: underline;\">Configuration requise<\/span>:<\/h4>\n<ul><\/ul>\n<ul><\/ul>\n<ul>\n<li>DirectX 9.0<\/li>\n<li>Carte graphique (test\u00e9 sur Rage128, Radeon 9800pro, Radeon mobility, HD4870 X2)<\/li>\n<li>Processeur 500Mhz ou sup\u00e9rieur<\/li>\n<\/ul>\n","protected":false},"excerpt":{"rendered":"<p>T\u00e9l\u00e9charger GraphWeather V2.0.321 (Fran\u00e7ais) (3726.5 Ko) T\u00e9l\u00e9charger GraphWeather V2.0.321 (Anglais) (3721.3 Ko) Configuration requise: DirectX 9.0 Carte graphique (test\u00e9 sur Rage128, Radeon 9800pro, Radeon mobility, HD4870 X2) Processeur 500Mhz ou sup\u00e9rieur<\/p>\n","protected":false},"author":1,"featured_media":0,"parent":0,"menu_order":0,"comment_status":"open","ping_status":"open","template":"","meta":{"footnotes":""},"class_list":["post-18","page","type-page","status-publish","hentry"],"_links":{"self":[{"href":"https:\/\/graphweather.protosigma.com\/wordpress\/index.php?rest_route=\/wp\/v2\/pages\/18","targetHints":{"allow":["GET"]}}],"collection":[{"href":"https:\/\/graphweather.protosigma.com\/wordpress\/index.php?rest_route=\/wp\/v2\/pages"}],"about":[{"href":"https:\/\/graphweather.protosigma.com\/wordpress\/index.php?rest_route=\/wp\/v2\/types\/page"}],"author":[{"embeddable":true,"href":"https:\/\/graphweather.protosigma.com\/wordpress\/index.php?rest_route=\/wp\/v2\/users\/1"}],"replies":[{"embeddable":true,"href":"https:\/\/graphweather.protosigma.com\/wordpress\/index.php?rest_route=%2Fwp%2Fv2%2Fcomments&post=18"}],"version-history":[{"count":8,"href":"https:\/\/graphweather.protosigma.com\/wordpress\/index.php?rest_route=\/wp\/v2\/pages\/18\/revisions"}],"predecessor-version":[{"id":322,"href":"https:\/\/graphweather.protosigma.com\/wordpress\/index.php?rest_route=\/wp\/v2\/pages\/18\/revisions\/322"}],"wp:attachment":[{"href":"https:\/\/graphweather.protosigma.com\/wordpress\/index.php?rest_route=%2Fwp%2Fv2%2Fmedia&parent=18"}],"curies":[{"name":"wp","href":"https:\/\/api.w.org\/{rel}","templated":true}]}}